ase 13, what is 27 - 22b?
-204
In base 13, what is 12 + 7a780?
7a792
In base 2, what is 11101110000111000 - 10?
11101110000110110
In base 9, what is 63704 + -20?
63674
In base 11, what is -87a - -122a?
460
In base 2, what is -100100100001101 - 0?
-100100100001101
In base 11, what is 133a17 + -5?
133a12
In base 8, what is 733 - 3361?
-2426
In base 9, what is 18 - -43077?
43106
In base 4, what is 101 - -310301001?
310301102
In base 2, what is 100 - -10101100111111010100?
10101100111111011000
In base 12, what is -3a6b6 + 1?
-3a6b5
In base 14, what is -32 - -629?
5d7
In base 4, what is 3 - -131113?
131122
In base 4, what is 12012021312 + 3?
12012021321
In base 12, what is 2 - 3608?
-3606
In base 13, what is -70 + -a0c?
-a7c
In base 3, what is -110022 + 1021202?
211110
In base 14, what is 19854a - 2?
198548
In base 6, what is -1315104 - -11?
-1315053
In base 6, what is -5012 - 202?
-5214
In base 9, what is -5510 - 16?
-5526
In base 7, what is -166 - 24240?
-24436
In base 11, what is -5 + -467507?
-467511
In base 11, what is 0 - 8778?
-8778
In base 10, what is -1678739 - 4?
-1678743
In base 11, what is -4 + -1a4a?
-1a53
In base 5, what is 10 - -434134?
434144
In base 6, what is -335040211 - 3?
-335040214
In base 14, what is -29 + 29dc?
29b3
In base 13, what is -158a7 - -1?
-158a6
In base 7, what is 245 - 12525?
-12250
In base 7, what is -160 + -15411?
-15601
In base 12, what is 5 + a452?
a457
In base 2, what is -100 + 100001010101101?
100001010101001
In base 14, what is 1 - 41c18?
-41c17
In base 16, what is -71b - 11?
-72c
In base 11, what is -233523 - -1?
-233522
In base 15, what is -20b6 - -1?
-20b5
In base 6, what is -5132 + 12?
-5120
In base 12, what is -146 + -10a7?
-1231
In base 3, what is 122210111 - 1?
122210110
In base 3, what is -11 + -121021100211?
-121021100222
In base 13, what is 1c + -1695?
-1676
In base 13, what is -1228a05 - -2?
-1228a03
In base 2, what is -100100111001100 + 100?
-100100111001000
In base 6, what is -233 + -415141?
-415414
In base 2, what is -11011001101111 - 1111?
-11011001111110
In base 10, what is -188 + 15?
-173
In base 9, what is -262203 + 0?
-262203
In base 7, what is 1444 + 22250?
24024
In base 12, what is 5 - -2578a8?
2578b1
In base 16, what is -4bd72 + 2?
-4bd70
In base 10, what is -1 - -17550?
17549
In base 15, what is 4 - 1a6?
-1a2
In base 3, what is -22110 + -10011000?
-10110110
In base 9, what is -4552 + -504?
-5156
In base 5, what is 1 - -4211133?
4211134
In base 9, what is 112 - -1352?
1464
In base 7, what is -144343 + 5?
-144335
In base 7, what is 165545 + 4?
165552
In base 12, what is 19a64 - -2?
19a66
In base 6, what is -13001 + 41?
-12520
In base 14, what is -3 + 11930?
1192b
In base 12, what is -5530 + 102?
-542a
In base 7, what is -4443 - -163?
-4250
In base 5, what is -121234241 + -4?
-121234300
In base 7, what is 3 + -34141?
-34135
In base 3, what is 12101021 - -12?
12101110
In base 7, what is -153044 - 0?
-153044
In base 16, what is -15b1 - ab?
-165c
In base 5, what is 42 + -1011?
-414
In base 10, what is 261100 - -16?
261116
In base 15, what is -1b6 + -69a?
-861
In base 3, what is -1 - 2022001202?
-2022001210
In base 3, what is 121 - 2122021?
-2121200
In base 3, what is -220022101 - -10?
-220022021
In base 15, what is -1 - -1bc?
1bb
In base 13, what is -3 - -6967?
6964
In base 15, what is -32 - -30a?
2c8
In base 7, what is 3 + -5131?
-5125
In base 4, what is -21301003331 - -11?
-21301003320
In base 15, what is -32a - -26?
-304
In base 4, what is 11 - 2301001?
-2300330
In base 15, what is -b608 + -3?
-b60b
In base 8, what is -1 - -3267123?
3267122
In base 2, what is -11110011 + -1001001?
-100111100
In base 11, what is -14a78 + -48?
-15015
In base 4, what is 2320 + -12010?
-3030
In base 16, what is -48 - 1fe?
-246
In base 11, what is -a1480 + 2?
-a1479
In base 12, what is 12867 + 3?
1286a
In base 5, what is 4 - 431241?
-431232
In base 8, what is -4 + 6672?
6666
In base 16, what is -1191a + -8?
-11922
In base 3, what is 10 - -112212102102?
112212102112
In base 16, what is 271 + d8?
349
In base 11, what is -8 - 379791?
-379799
In base 7, what is -234 + -104?
-341
In base 16, what is 1e0 - -175a?
193a
In base 3, what is 11 + -200212021?
-200212010
In base 2, what is -100010101111000 + 10000101?
-100010011110011
In base 6, what is 101 + -213200?
-213055
In base 4, what is 21132 + 112101?
133233
In base 6, what is 1 - -4421110?
4421111
In base 2, what is 100010110111101000 - -11001?
100010111000000001
In base 7, what is -54232 + 1?
-54231
In base 15, what is -3 + 9914?
9911
In base 12, what is 5 + -728a?
-7285
In base 12, what is -44b - 952?
-11a1
In base 4, what is -203 + -13113?
-13322
In base 9, what is 11111 + 128?
11240
In base 14, what is -2 - 44197?
-44199
In base 8, what is -1320112 - -3?
-1320107
In base 12, what is -53325 - b?
-53334
In base 12, what is 3b + -1648?
-1609
In base 9, what is 2728048 - 3?
2728045
In base 9, what is 7 - -158167?
158175
In base 9, what is -1 - -37826?
37825
In base 15, what is -2607 - -5?
-2602
In base 9, what is 1180 + -274?
805
In base 2, what is 1001000001101111 - 101?
1001000001101010
In base 15, what is 301 + 31?
332
In base 15, what is 91a - 4ae?
45b
In base 9, what is 11463 + -4?
11458
In base 14, what is -36579 - -2?
-36577
In base 5, what is -240 + 1130?
340
In base 3, what is 20 + 1102101001?
1102101021
In base 8, what is 6 + -431135?
-431127
In base 16, what is -13 - -de?
cb
In base 7, what is 512434 - -2?
512436
In base 8, what is 1642 - 57?
1563
In base 8, what is 5 + 3020350?
3020355
In base 10, what is -493 - 52?
-545
In base 8, what is -2112751 - 1?
-2112752
In base 3, what is -2121 - 202101221?
-202111112
In base 8, what is 1 + -170641?
-170640
In base 14, what is 7b - 87?
-a
In base 12, what is 5 + -6427?
-6422
In base 15, what is 7999 - 5?
7994
In base 16, what is -a - 10b6e?
-10b78
In base 5, what is -11212 + 2114?
-4043
In base 7, what is -4 - -43104?
43100
In base 16, what is 1d20b - 1?
1d20a
In base 16, what is 5 - def0?
-deeb
In base 16, what is -5 - -b893?
b88e
In base 10, what is -11 + 314?
303
In base 15, what is 15 + -2562?
-254c
In base 12, what is 553b + 85?
5604
In base 11, what is -176 - 973?
-1039
In base 15, what is 147c1 - -b?
147cc
In base 12, what is 135 + 404?
539
In base 12, what is 16b0 - 72?
163a
In base 7, what is -21065 - -1011?
-20054
In base 12, what is -8678 + 5?
-8673
In base 10, what is 4 + 659?
663
In base 13, what is c2 + 12?
104
In base 11, what is 0 + 4609?
4609
In base 2, what is -11001110100101 + 1000?
-11001110011101
In base 10, what is 15716 + 26?
15742
In base 2, what is -1010 + -1010011?
-1011101
In base 10, what is -17612 + 2?
-17610
In base 3, what is 202000 + 20001?
222001
In base 7, what is 160422 - 65?
160324
In base 4, what is 200 - 2202202?
-2202002
In base 14, what is -239d - -17?
-2386
In base 11, what is -82a27 - -1a?
-82a08
In base 12, what is -7321 + 20?
-7301
In base 5, what is -22 + 402201?
402124
In base 3, what is -201 + -10000112?
-10001020
In base 16, what is -cf6b9 + 4?
-cf6b5
In base 3, what is -1002202010 - 11?
-1002202021
In base 2, what is -1000100011011 - 1010?
-1000100100101
In base 9, what is 47 + -268?
-221
In base 5, what is -22042 + -2042?
-24134
In base 16, what is -d4b + 4?
-d47
In base 7, what is -3 + -2156301?
-2156304
In base 4, what is 3023 - -112103?
121132
In base 6, what is 24 + -101124?
-101100
In base 12, what is 3 + 101b9?
10200
In base 5, what is -22230142 + 3?
-22230134
In base 11, what is 34194 + -1?
34193
In base 7, what is 1 + -1103262?
-1103261
In base 8, what is -30 - -16407?
16357
In base 10, what is 8063 + -92?
7971
In base 12, what is -2041 - 9?
-204a
In base 14, what is 834a + -1?
8349
In base 2, what is -100010010001111 + 0?
-100010010001111
In base 5, what is 22 + -123230?
-123203
In base 15, what is -4 + 2c73c?
2c738
In base 3, what is -22 + -222220?
-1000012
In base 5, what is 32124 + 12?
32141
In base 15, what is 7312 - -2?
7314
In base 6, what is 24 + 413355?
413423
In base 7, what is -12 + 36041?
36026
In base 13, what is a542b3 + 1?
a542b4
In base 13, what is 2 - 8a942?
-8a940
In base 15, what is 28ca1b - -1?
28ca1c
In base 8, what is -36 + 22736?
22700
In base 3, what is -1120011121 - -201?
-1120010220
In base 5, what is 1 - 2013111?
-20131